e the second derivative of -r**5/20 - r**4/6 + 5*r**3/6 + 3*r**2/2 + 6514*r. Let w be -7 - -1 - (1 - 3). Determine y(w).
15
Suppose 30*r + 40 = -140. Let f(i) = -2*i**3 + i**3 - 32*i - 5*i**2 - 28*i + 67*i + 13. Give f(r).
7
Suppose 0*y + 3*d = 4*y - 1, -5*d = -25. Let p = y - 6. Let c(h) be the third derivative of -h**6/120 - h**5/30 + h**3/3 - 322*h**2. Give c(p).
2
Let c(y) = 87*y - 5. Suppose 261*d = 280*d - 19. Calculate c(d).
82
Let i(q) be the third derivative of q**9/60480 + q**8/1680 + 41*q**5/30 + 234*q**2. Let c(b) be the third derivative of i(b). Give c(-12).
0
Let p(h) = 12*h**3 - 2*h**2 - h + 1. Let d be 7*(11/(-77) + 0). Calculate p(d).
-12
Suppose -5*g = -396*w + 391*w - 40, -5*w + 30 = 2*g. Let o(n) = n**2 - 116. What is o(g)?
-16
Let m(z) = -43*z**2 + 40*z**2 + 3 + 3*z + 5*z**3 - 2. Let f be m(2). Let l(k) = k + 4*k**3 - 34 + 7*k**3 + f - k**2. Give l(-1).
-12
Let b(x) = -x - 14. Suppose -33*k + 12*k + 34*k - 91 = 0. Give b(k).
-21
Let z(p) = -p - 11. Let o(d) = d**3 - 2*d**2 + 3*d - 3. Let j be 7 + -3 + (-2 - 0)/1. Let w be o(j). Suppose -w*a - 88 = -67. Calculate z(a).
-4
Let x(d) be the first derivative of 8*d**2 - 1/60*d**5 + 3/8*d**4 + 0*d + 1 + 5/6*d**3. Let w(g) be the second derivative of x(g). Give w(9).
5
Let u = 0 - -2. Let k(w) = w**3 + 12*w**2 + 12*w + 17. Let y be k(-11). Suppose j + 3*j = u*b + y, j + 3*b + 16 = 0. Let p(x) = -5*x - 1. Calculate p(j).
4
Let a = -618 + 620. Let n(j) = -3*j**2 - 5*j + 16. Let y(r) = r**2 + 2*r - 5. Let o(q) = a*n(q) + 7*y(q). Determine o(-9).
42
Let r = 25987 + -25987. Let n(q) = -q**3 - q**2 - 35*q - 7. Determine n(r).
-7
Let i(a) = -6*a - 3. Suppose 3*u - 5*h = -34 + 19, -4*h = 5*u - 12. Determine i(u).
-3
Let x(s) = s - 2. Let f be -5 + (4 - 2) - (-1 + -6). Suppose -2*d + 0*m + m = -2, f = 2*d - 2*m. Suppose k + b - 6 = d, 2*b = -2*b. Determine x(k).
4
Let o(a) = -2*a - 15. Suppose -14*i + 4*i = 3320. Let k be i/68 - 14/119. Determine o(k).
-5
Let h = 6860 - 6860. Let i(l) = -8*l**2 - 8*l - 4. Let t(w) = -7*w**2 - 7*w - 4. Let r(j) = 6*i(j) - 7*t(j). Calculate r(h).
4
Let w(o) = -9*o**2 - 139*o + 131. Let x(k) = -14*k**2 - 216*k + 197. Let i(q) = 11*w(q) - 7*x(q). Calculate i(-21).
-22
Let v(z) = z**2 + 9*z + 27. Let q be v(-3). Let r be ((-12)/q)/((-13)/(-39)). Let n(j) = 2*j + 5. What is n(r)?
-3
Let r(k) = 2*k**3 + 6*k**2 - 2*k - 8. Suppose 0 = -29*a - 76 + 147 - 158. Give r(a).
-2
Let z = -11226 - -11231. Let a(o) = -5*o + 17. Let f(b) = 21*b - 68. Let d(n) = 9*a(n) + 2*f(n). Calculate d(z).
2
Let p(j) = -36*j + 4. Let h(m) = 91*m - 5093. Let d be h(56). What is p(d)?
-104
Let r be 3 - 3/(6 + -3). Let b(f) = 17 - 23 - 1 - f**r. Calculate b(0).
-7
Let p(r) = -500*r - 505. Let o(a) = 375*a + 378. Let d(y) = -9*o(y) - 7*p(y). Calculate d(-1).
8
Let m(j) be the first derivative of -2*j**2 + 47*j - 2377. Calculate m(14).
-9
Let j be ((-16)/(-24))/((-2)/201). Let x = j - -58. Let h(s) = -2*s**2 - 19*s - 7. Determine h(x).
2
Let r(d) be the second derivative of -d**7/1260 - d**6/720 + d**5/40 + 31*d**4/4 + 62*d + 1. Let u(s) be the third derivative of r(s). Determine u(-3).
-12
Let g(f) = -2*f - 5. Let k be 306/(-19) + 2 - 456/(-4332). Calculate g(k).
23
Let g(u) = u + 1. Let i(f) = 22*f + 5. Let d be 1/(2/(-4)*2). Let r(q) = d*i(q) + 6*g(q). Let h be 1/((-1)/((-1 + 2)/1)). What is r(h)?
17
Let m(s) = 3*s + 2. Suppose 2 = -d, -3*t - 3*d + 7*d + 20 = 0. Let b be -1 - ((-8)/(-2) + -6 + t). What is m(b)?
-7
Let g = -20 + 27. Let n(r) = -3*r + 23. Let y be n(g). Let d(v) = 2 - 2 - 50*v**2 + 44*v**y - v. Calculate d(1).
-7
Suppose -33 = 15*a - 12*a. Let k(b) = 7*b**2 - 7*b. Let f(s) = 13*s**2 - 13*s. Let m(j) = a*k(j) + 6*f(j). Let r be -5*20/(-36) - 8/(-36). Calculate m(r).
6
Suppose 3*j = 7 - 1. Suppose 5*c = 2*u + 34, -2*c - j*u + 13 = -3*u. Let s(k) = -k + 2. What is s(c)?
-6
Let t = -4214 - -4222. Let v(m) = 3*m - 18. Determine v(t).
6
Let j(a) = -2*a**3 - 29*a**2 + 51*a + 909. Let q be j(-14). Let d(c) = 76*c + 10. Calculate d(q).
-66
Suppose 27*r = 23*r - 5*d - 4, 2*d + 4 = -4*r. Let i(p) = -30*p - 25. Give i(r).
5
Let i(g) = 3 + 7*g + 0 - 1 + 24*g - 11*g. What is i(1)?
22
Suppose 202*j - 189*j = -130. Let w(t) = -2*t**2 - 24*t - 11. Give w(j).
29
Let t(w) be the second derivative of -w**4/4 + 5*w**3/2 + w**2/2 + 1523*w. What is t(5)?
1
Let y(o) = -74 + 8*o + 0*o - 3*o**2 + 8*o**2 - 5*o + 72. Calculate y(1).
6
Let i(r) = 5*r**3 + r**2 - 2*r + 52. Let y(n) = -11*n**3 - 2*n**2 + 4*n - 108. Let h(l) = 13*i(l) + 6*y(l). Give h(0).
28
Let p(i) be the second derivative of i**3 - 13*i**2/2 + 1066*i. Determine p(7).
29
Let w(b) be the third derivative of b**5/60 - 11*b**4/12 + 5*b**3/6 + 4753*b**2. Determine w(22).
5
Let z(r) = -7*r**3 - 17*r**2 + 22*r + 3. Let n(v) = 21*v**2 - 17*v - 8 - 7*v**2 - 25*v + 13*v**3 + 1 + 18*v**2. Let o(p) = -6*n(p) - 11*z(p). Determine o(-6).
-15
Let s(w) = w**3 - 8*w**2 + 12*w + 5. Suppose -41*r = -8*r. Suppose 20*d - 16*d - 5*j = -1, 5*d - 4*j - 10 = r. Determine s(d).
5
Let d be 6/(-3) + 0 + 8 + 0. Let g(o) = o**2 - 6. What is g(d)?
30
Let m(z) be the second derivative of -z**5/20 - 7*z**4/6 - z**3/6 - 23*z**2/2 + 48*z + 9. Give m(-14).
-9
Let a be 13/2 + (-195)/78. Let c(r) = -4*r + 3*r**2 + a*r + 3*r - 2*r + r - 1. Give c(-4).
39
Let o(m) = -m**2 + 8*m + 2. Let w(h) = -3*h + 41. Let d be w(4). Suppose 5*c = -32 + 7, 3*c + d = 2*k. Determine o(k).
9
Let a = 27 - 25. Let j(k) = 3*k**3 - k + 3*k**3 + 17 - 5*k**3 + a*k - k**2. Let f be 2/6 + (-13)/39. What is j(f)?
17
Let h(j) = -21 - j + j**2 - 37 + 27 - 6*j + 26 - 2*j**2. Let i(p) = 4*p**3 + 2*p - 1. Let b be i(1). Suppose -b*q - 25 = 5*w, 5*q + 2 - 26 = 2*w. Give h(w).
-5
Let v = 695 + -691. Let n(x) be the second derivative of 1/20*x**5 - 2/3*x**v + 0*x**3 + 0 - 7*x + 5/2*x**2. Give n(8).
5
Let o(g) = -2 + 8*g**2 + 2*g**2 - 2*g + 5*g**2 + 12*g**2 - 8*g**2. Let c(a) = -35*a**2 + 4*a + 4. Let k(w) = 6*c(w) + 11*o(w). Give k(2).
2
Let p(w) = -w - 2. Let y(d) = -2. Let b = -267 + 265. Let s(c) = b*p(c) + 3*y(c). Suppose 14 = -4*t - h, -3*t = -0*h - 2*h + 5. Determine s(t).
-8
Let i(g) = 4*g - 15. Let f be i(5). Let u(t) = -t**3 + 3*t**2 + 13*t - 9. Let l be u(f). Let n(x) = x**3 - 5*x**2 - 4*x - 4. Calculate n(l).
8
Suppose -79*c - 70*c = -298. Let k(u) be the first derivative of -7 + 5*u + 1/4*u**4 - 1/3*u**3 - 1/2*u**c. Give k(0).
5
Let z = -3 - 2. Let w be (2/5)/(1/z). Let m(i) = 36 + 8*i + i**2 + 2*i - 8*i - 18 - 15. Determine m(w).
3
Suppose 4*f - 5*w = 0, w = -3*w + 16. Suppose c + c = -5*l - 1, -3*l - f = -c. Let q(i) = -6 - i - c*i + 7. Give q(-7).
22
Let y(b) = b**3 + 4*b**2 - 1. Let f(h) = -2*h**3 - 8*h**2 + h + 1. Let s(x) = 3*f(x) + 5*y(x). Let v be 9 + -2 + 4 + -1. Suppose 3*t + v = t. What is s(t)?
8
Let a(l) = -427*l + 0*l**3 - 10 - l**3 + 443*l + 3 - 7*l**2. Calculate a(-9).
11
Let k be ((-55)/10)/(13 - 81/6). Let s(d) be the first derivative of 1/2*d**2 - k + 9*d. What is s(-5)?
4
Let o(z) be the second derivative of 7*z**4/12 - 5*z**3/6 - 2*z**2 + 3635*z. What is o(3)?
44
Let v(w) = w + 34 + 2817*w**2 - 18 - 15 - 2873*w**2. Determine v(-1).
-56
Let c(h) = -3*h**2 - h + 2. Let z(a) = 160*a - 2239. Let o be z(14). Determine c(o).
-2
Let d(s) be the first derivative of -s**4/24 - 2*s**3 - 62*s**2 + 2*s - 38. Let a(u) be the second derivative of d(u). Calculate a(-5).
-7
Let l(d) = d**2 - 9*d - 2. Suppose -5*v = y - 100 + 37, 3 = -v. Suppose y = 4*p + 30. What is l(p)?
34
Let v(j) = j**3 + 11*j**2 - 12*j - 17. Suppose -2*z - 16*t + 26 = -14*t, t = 3*z - 23. Let d(p) = -5*p + 33. Let o be d(z). Determine v(o).
-17
Let y be 14*(-48)/(-56)*-1. Let w(m) = -2*m**3 - 25*m**2 - 10*m + 24. What is w(y)?
0
Suppose 0*o = 2*o. Let k(y) = 879*y - 878*y + 12 - 25 + 4 - y**2 + 0. Calculate k(o).
-9
Let o(n) = -7*n - 18. Let w(p) = 2*p - 4. Let k(x) = o(x) + 2*w(x). Determine k(-10).
4
Let q = -34 - -38. Suppose -q*v + 8 = 4*v. Let u(z) be the third derivative of -3*z**6/40 + z**5/30 - z**4/24 + 20*z**2. What is u(v)?
-8
Let u(p) = 16*p. Let b = 216 + -214. Suppose -5*i + 8 = -b*t - 0*i, -2*t - 4 = -3*i. Give u(t).
16
Suppose 5*k + 33 = 166*s - 169*s, -3*k - 21 = 3*s. Let t(a) be the second derivative of -a**5/20 - 5*a**4/12 + a**3 - a**2 - 5*a. Determine t(k).
-2
Let h(j) = -53*j + 32. Let v(a) = -1